{"id":2,"date":"2024-06-13T14:49:55","date_gmt":"2024-06-13T14:49:55","guid":{"rendered":"https:\/\/bilkamasajeak.rkinformatika.online\/?page_id=2"},"modified":"2024-06-14T15:59:42","modified_gmt":"2024-06-14T15:59:42","slug":"inicio","status":"publish","type":"page","link":"https:\/\/bilkamasajeak.com\/eus\/","title":{"rendered":"Hasiera"},"content":{"rendered":"\t\t<div data-elementor-type=\"wp-page\" data-elementor-id=\"2\" class=\"elementor elementor-2\" data-elementor-post-type=\"page\">\n\t\t\t\t\t\t<section class=\"elementor-section elementor-top-section elementor-element elementor-element-1448664 elementor-section-boxed elementor-section-height-default elementor-section-height-default\" data-id=\"1448664\" data-element_type=\"section\" data-e-type=\"section\" data-settings=\"{&quot;background_background&quot;:&quot;slideshow&quot;,&quot;background_slideshow_ken_burns&quot;:&quot;yes&quot;,&quot;background_slideshow_gallery&quot;:[{&quot;id&quot;:681,&quot;url&quot;:&quot;https:\\\/\\\/bilkamasajeak.com\\\/wp-content\\\/uploads\\\/2024\\\/06\\\/masseur-doing-a-deep-massage-to-a-male-client.jpg&quot;},{&quot;id&quot;:600,&quot;url&quot;:&quot;https:\\\/\\\/bilkamasajeak.com\\\/wp-content\\\/uploads\\\/2024\\\/06\\\/back-massage.jpg&quot;},{&quot;id&quot;:616,&quot;url&quot;:&quot;https:\\\/\\\/bilkamasajeak.com\\\/wp-content\\\/uploads\\\/2024\\\/06\\\/portrait-rehabilitation-therapist-doing-massage-to-senior-man-on-massage-table.jpg&quot;},{&quot;id&quot;:673,&quot;url&quot;:&quot;https:\\\/\\\/bilkamasajeak.com\\\/wp-content\\\/uploads\\\/2024\\\/06\\\/portrait-of-young-beautiful-woman-lying-on-a-wooden-table-in-spa-environment-flowers-and-candles.jpg&quot;},{&quot;id&quot;:677,&quot;url&quot;:&quot;https:\\\/\\\/bilkamasajeak.com\\\/wp-content\\\/uploads\\\/2024\\\/06\\\/health-wellness-massage-training-course.jpg&quot;},{&quot;id&quot;:695,&quot;url&quot;:&quot;https:\\\/\\\/bilkamasajeak.com\\\/wp-content\\\/uploads\\\/2024\\\/06\\\/masseur-massages-the-shoulder-of-young-woman-on-the-couch-healing-body-osteopathic-massage-.jpg&quot;},{&quot;id&quot;:694,&quot;url&quot;:&quot;https:\\\/\\\/bilkamasajeak.com\\\/wp-content\\\/uploads\\\/2024\\\/06\\\/osteopath-performing-cranial-therapy.jpg&quot;},{&quot;id&quot;:693,&quot;url&quot;:&quot;https:\\\/\\\/bilkamasajeak.com\\\/wp-content\\\/uploads\\\/2024\\\/06\\\/physiotherapist-working-with-patient-at-clinic.jpg&quot;}],&quot;background_slideshow_slide_duration&quot;:4000,&quot;background_slideshow_loop&quot;:&quot;yes&quot;,&quot;background_slideshow_slide_transition&quot;:&quot;fade&quot;,&quot;background_slideshow_transition_duration&quot;:500,&quot;background_slideshow_ken_burns_zoom_direction&quot;:&quot;in&quot;}\">\n\t\t\t\t\t\t\t<div class=\"elementor-background-overlay\"><\/div>\n\t\t\t\t\t\t\t<div class=\"elementor-container elementor-column-gap-default\">\n\t\t\t\t\t<div class=\"elementor-column elementor-col-100 elementor-top-column elementor-element elementor-element-7b2a3fe\" data-id=\"7b2a3fe\" data-element_type=\"column\" data-e-type=\"column\">\n\t\t\t<div class=\"elementor-widget-wrap elementor-element-populated\">\n\t\t\t\t\t\t<section class=\"elementor-section elementor-inner-section elementor-element elementor-element-7af6682 elementor-section-boxed elementor-section-height-default elementor-section-height-default\" data-id=\"7af6682\" data-element_type=\"section\" data-e-type=\"section\">\n\t\t\t\t\t\t<div class=\"elementor-container elementor-column-gap-default\">\n\t\t\t\t\t<div class=\"elementor-column elementor-col-100 elementor-inner-column elementor-element elementor-element-9367f32\" data-id=\"9367f32\" data-element_type=\"column\" data-e-type=\"column\">\n\t\t\t<div class=\"elementor-widget-wrap elementor-element-populated\">\n\t\t\t\t\t\t<div class=\"elementor-element elementor-element-7b284b2 elementor-widget-divider--view-line_text elementor-widget-divider--element-align-right elementor-widget__width-initial elementor-widget-mobile__width-initial elementor-invisible elementor-widget elementor-widget-divider\" data-id=\"7b284b2\" data-element_type=\"widget\" data-e-type=\"widget\" data-settings=\"{&quot;_animation&quot;:&quot;fadeInRight&quot;}\" data-widget_type=\"divider.default\">\n\t\t\t\t<div class=\"elementor-widget-container\">\n\t\t\t\t\t\t\t<div class=\"elementor-divider\">\n\t\t\t<span class=\"elementor-divider-separator\">\n\t\t\t\t\t\t\t<span class=\"elementor-divider__text elementor-divider__element\">\n\t\t\t\t      Desde 2004 A\u00f1os\t\t\t\t<\/span>\n\t\t\t\t\t\t<\/span>\n\t\t<\/div>\n\t\t\t\t\t\t<\/div>\n\t\t\t\t<\/div>\n\t\t\t\t<div class=\"elementor-element elementor-element-0b138bc elementor-widget__width-initial elementor-widget-tablet__width-initial elementor-widget-mobile__width-initial elementor-invisible elementor-widget elementor-widget-heading\" data-id=\"0b138bc\" data-element_type=\"widget\" data-e-type=\"widget\" data-settings=\"{&quot;_animation&quot;:&quot;fadeInLeft&quot;}\" data-widget_type=\"heading.default\">\n\t\t\t\t<div class=\"elementor-widget-container\">\n\t\t\t\t\t<h2 class=\"elementor-heading-title elementor-size-default\">BIENVENIDOS<br>A Bilka masajeak<\/h2>\t\t\t\t<\/div>\n\t\t\t\t<\/div>\n\t\t\t\t<div class=\"elementor-element elementor-element-b00bd58 elementor-widget__width-initial elementor-widget-tablet__width-initial elementor-widget-mobile__width-initial elementor-invisible elementor-widget elementor-widget-heading\" data-id=\"b00bd58\" data-element_type=\"widget\" data-e-type=\"widget\" data-settings=\"{&quot;_animation&quot;:&quot;fadeInRight&quot;}\" data-widget_type=\"heading.default\">\n\t\t\t\t<div class=\"elementor-widget-container\">\n\t\t\t\t\t<h2 class=\"elementor-heading-title elementor-size-default\">Ofrecemos servicios especializados en masajes deportivos y osteopat\u00eda.<\/h2>\t\t\t\t<\/div>\n\t\t\t\t<\/div>\n\t\t\t\t\t<\/div>\n\t\t<\/div>\n\t\t\t\t\t<\/div>\n\t\t<\/section>\n\t\t\t\t\t<\/div>\n\t\t<\/div>\n\t\t\t\t\t<\/div>\n\t\t<\/section>\n\t\t\t\t<section class=\"elementor-section elementor-top-section elementor-element elementor-element-a3d2e6f elementor-section-boxed elementor-section-height-default elementor-section-height-default\" data-id=\"a3d2e6f\" data-element_type=\"section\" data-e-type=\"section\" data-settings=\"{&quot;background_background&quot;:&quot;classic&quot;}\">\n\t\t\t\t\t\t\t<div class=\"elementor-background-overlay\"><\/div>\n\t\t\t\t\t\t\t<div class=\"elementor-container elementor-column-gap-default\">\n\t\t\t\t\t<div class=\"elementor-column elementor-col-50 elementor-top-column elementor-element elementor-element-f086f8a\" data-id=\"f086f8a\" data-element_type=\"column\" data-e-type=\"column\">\n\t\t\t<div class=\"elementor-widget-wrap elementor-element-populated\">\n\t\t\t\t\t\t<div class=\"elementor-element elementor-element-22f8b2e elementor-pagination-position-outside elementor-widget elementor-widget-image-carousel\" data-id=\"22f8b2e\" data-element_type=\"widget\" data-e-type=\"widget\" data-settings=\"{&quot;slides_to_show&quot;:&quot;1&quot;,&quot;navigation&quot;:&quot;dots&quot;,&quot;speed&quot;:400,&quot;autoplay&quot;:&quot;yes&quot;,&quot;pause_on_hover&quot;:&quot;yes&quot;,&quot;pause_on_interaction&quot;:&quot;yes&quot;,&quot;autoplay_speed&quot;:5000,&quot;infinite&quot;:&quot;yes&quot;,&quot;effect&quot;:&quot;slide&quot;}\" data-widget_type=\"image-carousel.default\">\n\t\t\t\t<div class=\"elementor-widget-container\">\n\t\t\t\t\t\t\t<div class=\"elementor-image-carousel-wrapper swiper\" role=\"region\" aria-roledescription=\"carousel\" aria-label=\"Carrusel de im\u00e1genes\" dir=\"ltr\">\n\t\t\t<div class=\"elementor-image-carousel swiper-wrapper swiper-image-stretch\" aria-live=\"off\">\n\t\t\t\t\t\t\t\t<div class=\"swiper-slide\" role=\"group\" aria-roledescription=\"slide\" aria-label=\"1 de 4\"><figure class=\"swiper-slide-inner\"><img decoding=\"async\" class=\"swiper-slide-image\" src=\"https:\/\/bilkamasajeak.com\/wp-content\/uploads\/elementor\/thumbs\/health-wellness-massage-training-course-qpn6wg9a3x52qiyf3lyw3u3e3x5c528g38dd70xgfk.jpg\" alt=\"Health wellness massage training course\" \/><\/figure><\/div><div class=\"swiper-slide\" role=\"group\" aria-roledescription=\"slide\" aria-label=\"2 de 4\"><figure class=\"swiper-slide-inner\"><img decoding=\"async\" class=\"swiper-slide-image\" src=\"https:\/\/bilkamasajeak.com\/wp-content\/uploads\/elementor\/thumbs\/masseur-doing-a-deep-massage-to-a-male-client-qpn6yfp0jbuv8w2nigujdc2f97d8e241p1y9o1zjao.jpg\" alt=\"Masseur doing a deep massage to a male client\" \/><\/figure><\/div><div class=\"swiper-slide\" role=\"group\" aria-roledescription=\"slide\" aria-label=\"3 de 4\"><figure class=\"swiper-slide-inner\"><img decoding=\"async\" class=\"swiper-slide-image\" src=\"https:\/\/bilkamasajeak.com\/wp-content\/uploads\/elementor\/thumbs\/portrait-of-young-beautiful-woman-lying-on-a-wooden-table-in-spa-environment-flowers-and-candles-qpn6ty0rvtpjrylhqiypggv52xi3m4a7qtqr4gn90w.jpg\" alt=\"Portrait of young beautiful woman lying on a wooden table in spa environment flowers and candles\" \/><\/figure><\/div><div class=\"swiper-slide\" role=\"group\" aria-roledescription=\"slide\" aria-label=\"4 de 4\"><figure class=\"swiper-slide-inner\"><img decoding=\"async\" class=\"swiper-slide-image\" src=\"https:\/\/bilkamasajeak.com\/wp-content\/uploads\/elementor\/thumbs\/back-massage-qpn5fqh4tez5ltj1xbn4rmzqqyz9g5ydub819d3be8.jpg\" alt=\"Back Massage\" \/><\/figure><\/div>\t\t\t<\/div>\n\t\t\t\t\t\t\t\n\t\t\t\t\t\t\t\t\t<div class=\"swiper-pagination\"><\/div>\n\t\t\t\t\t\t\t\t\t<\/div>\n\t\t\t\t\t\t<\/div>\n\t\t\t\t<\/div>\n\t\t\t\t\t<\/div>\n\t\t<\/div>\n\t\t\t\t<div class=\"elementor-column elementor-col-50 elementor-top-column elementor-element elementor-element-1d19c19\" data-id=\"1d19c19\" data-element_type=\"column\" data-e-type=\"column\">\n\t\t\t<div class=\"elementor-widget-wrap elementor-element-populated\">\n\t\t\t\t\t\t<div class=\"elementor-element elementor-element-7c27855 elementor-widget elementor-widget-heading\" data-id=\"7c27855\" data-element_type=\"widget\" data-e-type=\"widget\" data-widget_type=\"heading.default\">\n\t\t\t\t<div class=\"elementor-widget-container\">\n\t\t\t\t\t<h2 class=\"elementor-heading-title elementor-size-default\">Sobre Nosotros<\/h2>\t\t\t\t<\/div>\n\t\t\t\t<\/div>\n\t\t\t\t<div class=\"elementor-element elementor-element-07abd16 elementor-widget elementor-widget-text-editor\" data-id=\"07abd16\" data-element_type=\"widget\" data-e-type=\"widget\" data-widget_type=\"text-editor.default\">\n\t\t\t\t<div class=\"elementor-widget-container\">\n\t\t\t\t\t\t\t\t\t<p>Desde 2004, en nuestro centro nos hemos especializado en el tratamiento de lesiones deportivas utilizando \u00fanicamente t\u00e9cnicas manuales, sin recurrir al uso de maquinaria en ning\u00fan momento.<\/p><p>Nos dedicamos a proporcionar un cuidado integral y personalizado que se adapta espec\u00edficamente a las necesidades individuales de cada paciente. Nuestro enfoque se centra en la efectividad de los tratamientos, asegurando una recuperaci\u00f3n \u00f3ptima y promoviendo el bienestar general de nuestros clientes mediante m\u00e9todos naturales y personalizados.<\/p>\t\t\t\t\t\t\t\t<\/div>\n\t\t\t\t<\/div>\n\t\t\t\t\t<\/div>\n\t\t<\/div>\n\t\t\t\t\t<\/div>\n\t\t<\/section>\n\t\t\t\t<section class=\"elementor-section elementor-top-section elementor-element elementor-element-2dcec10 elementor-section-boxed elementor-section-height-default elementor-section-height-default\" data-id=\"2dcec10\" data-element_type=\"section\" data-e-type=\"section\" data-settings=\"{&quot;background_background&quot;:&quot;classic&quot;}\">\n\t\t\t\t\t\t\t<div class=\"elementor-background-overlay\"><\/div>\n\t\t\t\t\t\t\t<div class=\"elementor-container elementor-column-gap-default\">\n\t\t\t\t\t<div class=\"elementor-column elementor-col-100 elementor-top-column elementor-element elementor-element-bf03cc1\" data-id=\"bf03cc1\" data-element_type=\"column\" data-e-type=\"column\">\n\t\t\t<div class=\"elementor-widget-wrap elementor-element-populated\">\n\t\t\t\t\t\t<div class=\"elementor-element elementor-element-6a75f3f elementor-invisible elementor-widget elementor-widget-heading\" data-id=\"6a75f3f\" data-element_type=\"widget\" data-e-type=\"widget\" data-settings=\"{&quot;_animation&quot;:&quot;fadeInDown&quot;,&quot;_animation_delay&quot;:200}\" data-widget_type=\"heading.default\">\n\t\t\t\t<div class=\"elementor-widget-container\">\n\t\t\t\t\t<h3 class=\"elementor-heading-title elementor-size-default\">\u00bfTe gustar\u00eda explorar lo que ofrecemos? <\/h3>\t\t\t\t<\/div>\n\t\t\t\t<\/div>\n\t\t\t\t<div class=\"elementor-element elementor-element-f962805 elementor-invisible elementor-widget elementor-widget-heading\" data-id=\"f962805\" data-element_type=\"widget\" data-e-type=\"widget\" data-settings=\"{&quot;_animation&quot;:&quot;fadeInDown&quot;,&quot;_animation_delay&quot;:200}\" data-widget_type=\"heading.default\">\n\t\t\t\t<div class=\"elementor-widget-container\">\n\t\t\t\t\t<h3 class=\"elementor-heading-title elementor-size-default\"> Encuentra detalles en nuestra secci\u00f3n de servicios.<\/h3>\t\t\t\t<\/div>\n\t\t\t\t<\/div>\n\t\t\t\t<div class=\"elementor-element elementor-element-5614cf8 elementor-align-center elementor-widget elementor-widget-button\" data-id=\"5614cf8\" data-element_type=\"widget\" data-e-type=\"widget\" data-widget_type=\"button.default\">\n\t\t\t\t<div class=\"elementor-widget-container\">\n\t\t\t\t\t\t\t\t\t<div class=\"elementor-button-wrapper\">\n\t\t\t\t\t<a class=\"elementor-button elementor-button-link elementor-size-sm\" href=\"https:\/\/bilkamasajeak.com\/servicios\/\">\n\t\t\t\t\t\t<span class=\"elementor-button-content-wrapper\">\n\t\t\t\t\t\t<span class=\"elementor-button-icon\">\n\t\t\t\t\t\t\t<\/span>\n\t\t\t\t\t\t\t\t\t<span class=\"elementor-button-text\">Servicios<\/span>\n\t\t\t\t\t<\/span>\n\t\t\t\t\t<\/a>\n\t\t\t\t<\/div>\n\t\t\t\t\t\t\t\t<\/div>\n\t\t\t\t<\/div>\n\t\t\t\t\t<\/div>\n\t\t<\/div>\n\t\t\t\t\t<\/div>\n\t\t<\/section>\n\t\t\t\t<\/div>\n\t\t","protected":false},"excerpt":{"rendered":"<p>Desde 2004 A\u00f1os BIENVENIDOSA Bilka masajeak Ofrecemos servicios especializados en masajes deportivos y osteopat\u00eda. Sobre Nosotros Desde 2004, en nuestro centro nos hemos especializado en el tratamiento de lesiones deportivas utilizando \u00fanicamente t\u00e9cnicas manuales, sin recurrir al uso de maquinaria en ning\u00fan momento. Nos dedicamos a proporcionar un cuidado integral y personalizado que se adapta [&hellip;]<\/p>\n","protected":false},"author":1,"featured_media":0,"parent":0,"menu_order":0,"comment_status":"closed","ping_status":"closed","template":"elementor_canvas","meta":{"footnotes":""},"class_list":["post-2","page","type-page","status-publish","hentry"],"yoast_head":"<!-- This site is optimized with the Yoast SEO plugin v27.6 - https:\/\/yoast.com\/product\/yoast-seo-wordpress\/ -->\n<title>Inicio - Bilka masajeak<\/title>\n<meta name=\"robots\" content=\"index, follow, max-snippet:-1, max-image-preview:large, max-video-preview:-1\" \/>\n<link rel=\"canonical\" href=\"https:\/\/bilkamasajeak.com\/eus\/\" \/>\n<meta property=\"og:locale\" content=\"en_US\" \/>\n<meta property=\"og:type\" content=\"article\" \/>\n<meta property=\"og:title\" content=\"Inicio - Bilka masajeak\" \/>\n<meta property=\"og:description\" content=\"Desde 2004 A\u00f1os BIENVENIDOSA Bilka masajeak Ofrecemos servicios especializados en masajes deportivos y osteopat\u00eda. Sobre Nosotros Desde 2004, en nuestro centro nos hemos especializado en el tratamiento de lesiones deportivas utilizando \u00fanicamente t\u00e9cnicas manuales, sin recurrir al uso de maquinaria en ning\u00fan momento. Nos dedicamos a proporcionar un cuidado integral y personalizado que se adapta [&hellip;]\" \/>\n<meta property=\"og:url\" content=\"https:\/\/bilkamasajeak.com\/eus\/\" \/>\n<meta property=\"og:site_name\" content=\"Bilka masajeak\" \/>\n<meta property=\"article:modified_time\" content=\"2024-06-14T15:59:42+00:00\" \/>\n<meta property=\"og:image\" content=\"https:\/\/bilkamasajeak.com\/wp-content\/uploads\/elementor\/thumbs\/health-wellness-massage-training-course-qpn6wg9a3x52qiyf3lyw3u3e3x5c528g38dd70xgfk.jpg\" \/>\n<meta name=\"twitter:card\" content=\"summary_large_image\" \/>\n<meta name=\"twitter:label1\" content=\"Est. reading time\" \/>\n\t<meta name=\"twitter:data1\" content=\"2 minutua\" \/>\n<script type=\"application\/ld+json\" class=\"yoast-schema-graph\">{\"@context\":\"https:\\\/\\\/schema.org\",\"@graph\":[{\"@type\":\"WebPage\",\"@id\":\"https:\\\/\\\/bilkamasajeak.com\\\/\",\"url\":\"https:\\\/\\\/bilkamasajeak.com\\\/\",\"name\":\"Inicio - Bilka masajeak\",\"isPartOf\":{\"@id\":\"https:\\\/\\\/bilkamasajeak.com\\\/#website\"},\"primaryImageOfPage\":{\"@id\":\"https:\\\/\\\/bilkamasajeak.com\\\/#primaryimage\"},\"image\":{\"@id\":\"https:\\\/\\\/bilkamasajeak.com\\\/#primaryimage\"},\"thumbnailUrl\":\"https:\\\/\\\/bilkamasajeak.com\\\/wp-content\\\/uploads\\\/elementor\\\/thumbs\\\/health-wellness-massage-training-course-qpn6wg9a3x52qiyf3lyw3u3e3x5c528g38dd70xgfk.jpg\",\"datePublished\":\"2024-06-13T14:49:55+00:00\",\"dateModified\":\"2024-06-14T15:59:42+00:00\",\"breadcrumb\":{\"@id\":\"https:\\\/\\\/bilkamasajeak.com\\\/#breadcrumb\"},\"inLanguage\":\"eu\",\"potentialAction\":[{\"@type\":\"ReadAction\",\"target\":[\"https:\\\/\\\/bilkamasajeak.com\\\/\"]}]},{\"@type\":\"ImageObject\",\"inLanguage\":\"eu\",\"@id\":\"https:\\\/\\\/bilkamasajeak.com\\\/#primaryimage\",\"url\":\"https:\\\/\\\/bilkamasajeak.com\\\/wp-content\\\/uploads\\\/elementor\\\/thumbs\\\/health-wellness-massage-training-course-qpn6wg9a3x52qiyf3lyw3u3e3x5c528g38dd70xgfk.jpg\",\"contentUrl\":\"https:\\\/\\\/bilkamasajeak.com\\\/wp-content\\\/uploads\\\/elementor\\\/thumbs\\\/health-wellness-massage-training-course-qpn6wg9a3x52qiyf3lyw3u3e3x5c528g38dd70xgfk.jpg\"},{\"@type\":\"BreadcrumbList\",\"@id\":\"https:\\\/\\\/bilkamasajeak.com\\\/#breadcrumb\",\"itemListElement\":[{\"@type\":\"ListItem\",\"position\":1,\"name\":\"Portada\",\"item\":\"https:\\\/\\\/bilkamasajeak.com\\\/\"},{\"@type\":\"ListItem\",\"position\":2,\"name\":\"Inicio\"}]},{\"@type\":\"WebSite\",\"@id\":\"https:\\\/\\\/bilkamasajeak.com\\\/#website\",\"url\":\"https:\\\/\\\/bilkamasajeak.com\\\/\",\"name\":\"Bilka masajeak\",\"description\":\"\",\"publisher\":{\"@id\":\"https:\\\/\\\/bilkamasajeak.com\\\/#organization\"},\"potentialAction\":[{\"@type\":\"SearchAction\",\"target\":{\"@type\":\"EntryPoint\",\"urlTemplate\":\"https:\\\/\\\/bilkamasajeak.com\\\/?s={search_term_string}\"},\"query-input\":{\"@type\":\"PropertyValueSpecification\",\"valueRequired\":true,\"valueName\":\"search_term_string\"}}],\"inLanguage\":\"eu\"},{\"@type\":\"Organization\",\"@id\":\"https:\\\/\\\/bilkamasajeak.com\\\/#organization\",\"name\":\"Bilka masajeak\",\"url\":\"https:\\\/\\\/bilkamasajeak.com\\\/\",\"logo\":{\"@type\":\"ImageObject\",\"inLanguage\":\"eu\",\"@id\":\"https:\\\/\\\/bilkamasajeak.com\\\/#\\\/schema\\\/logo\\\/image\\\/\",\"url\":\"https:\\\/\\\/bilkamasajeak.com\\\/wp-content\\\/uploads\\\/2024\\\/06\\\/cropped-logo.jpg\",\"contentUrl\":\"https:\\\/\\\/bilkamasajeak.com\\\/wp-content\\\/uploads\\\/2024\\\/06\\\/cropped-logo.jpg\",\"width\":945,\"height\":589,\"caption\":\"Bilka masajeak\"},\"image\":{\"@id\":\"https:\\\/\\\/bilkamasajeak.com\\\/#\\\/schema\\\/logo\\\/image\\\/\"}}]}<\/script>\n<!-- \/ Yoast SEO plugin. -->","yoast_head_json":{"title":"Inicio - Bilka masajeak","robots":{"index":"index","follow":"follow","max-snippet":"max-snippet:-1","max-image-preview":"max-image-preview:large","max-video-preview":"max-video-preview:-1"},"canonical":"https:\/\/bilkamasajeak.com\/eus\/","og_locale":"en_US","og_type":"article","og_title":"Inicio - Bilka masajeak","og_description":"Desde 2004 A\u00f1os BIENVENIDOSA Bilka masajeak Ofrecemos servicios especializados en masajes deportivos y osteopat\u00eda. Sobre Nosotros Desde 2004, en nuestro centro nos hemos especializado en el tratamiento de lesiones deportivas utilizando \u00fanicamente t\u00e9cnicas manuales, sin recurrir al uso de maquinaria en ning\u00fan momento. Nos dedicamos a proporcionar un cuidado integral y personalizado que se adapta [&hellip;]","og_url":"https:\/\/bilkamasajeak.com\/eus\/","og_site_name":"Bilka masajeak","article_modified_time":"2024-06-14T15:59:42+00:00","og_image":[{"url":"https:\/\/bilkamasajeak.com\/wp-content\/uploads\/elementor\/thumbs\/health-wellness-massage-training-course-qpn6wg9a3x52qiyf3lyw3u3e3x5c528g38dd70xgfk.jpg","type":"","width":"","height":""}],"twitter_card":"summary_large_image","twitter_misc":{"Est. reading time":"2 minutua"},"schema":{"@context":"https:\/\/schema.org","@graph":[{"@type":"WebPage","@id":"https:\/\/bilkamasajeak.com\/","url":"https:\/\/bilkamasajeak.com\/","name":"Inicio - Bilka masajeak","isPartOf":{"@id":"https:\/\/bilkamasajeak.com\/#website"},"primaryImageOfPage":{"@id":"https:\/\/bilkamasajeak.com\/#primaryimage"},"image":{"@id":"https:\/\/bilkamasajeak.com\/#primaryimage"},"thumbnailUrl":"https:\/\/bilkamasajeak.com\/wp-content\/uploads\/elementor\/thumbs\/health-wellness-massage-training-course-qpn6wg9a3x52qiyf3lyw3u3e3x5c528g38dd70xgfk.jpg","datePublished":"2024-06-13T14:49:55+00:00","dateModified":"2024-06-14T15:59:42+00:00","breadcrumb":{"@id":"https:\/\/bilkamasajeak.com\/#breadcrumb"},"inLanguage":"eu","potentialAction":[{"@type":"ReadAction","target":["https:\/\/bilkamasajeak.com\/"]}]},{"@type":"ImageObject","inLanguage":"eu","@id":"https:\/\/bilkamasajeak.com\/#primaryimage","url":"https:\/\/bilkamasajeak.com\/wp-content\/uploads\/elementor\/thumbs\/health-wellness-massage-training-course-qpn6wg9a3x52qiyf3lyw3u3e3x5c528g38dd70xgfk.jpg","contentUrl":"https:\/\/bilkamasajeak.com\/wp-content\/uploads\/elementor\/thumbs\/health-wellness-massage-training-course-qpn6wg9a3x52qiyf3lyw3u3e3x5c528g38dd70xgfk.jpg"},{"@type":"BreadcrumbList","@id":"https:\/\/bilkamasajeak.com\/#breadcrumb","itemListElement":[{"@type":"ListItem","position":1,"name":"Portada","item":"https:\/\/bilkamasajeak.com\/"},{"@type":"ListItem","position":2,"name":"Inicio"}]},{"@type":"WebSite","@id":"https:\/\/bilkamasajeak.com\/#website","url":"https:\/\/bilkamasajeak.com\/","name":"Bilka masajeak","description":"","publisher":{"@id":"https:\/\/bilkamasajeak.com\/#organization"},"potentialAction":[{"@type":"SearchAction","target":{"@type":"EntryPoint","urlTemplate":"https:\/\/bilkamasajeak.com\/?s={search_term_string}"},"query-input":{"@type":"PropertyValueSpecification","valueRequired":true,"valueName":"search_term_string"}}],"inLanguage":"eu"},{"@type":"Organization","@id":"https:\/\/bilkamasajeak.com\/#organization","name":"Bilka masajeak","url":"https:\/\/bilkamasajeak.com\/","logo":{"@type":"ImageObject","inLanguage":"eu","@id":"https:\/\/bilkamasajeak.com\/#\/schema\/logo\/image\/","url":"https:\/\/bilkamasajeak.com\/wp-content\/uploads\/2024\/06\/cropped-logo.jpg","contentUrl":"https:\/\/bilkamasajeak.com\/wp-content\/uploads\/2024\/06\/cropped-logo.jpg","width":945,"height":589,"caption":"Bilka masajeak"},"image":{"@id":"https:\/\/bilkamasajeak.com\/#\/schema\/logo\/image\/"}}]}},"_links":{"self":[{"href":"https:\/\/bilkamasajeak.com\/eus\/wp-json\/wp\/v2\/pages\/2","targetHints":{"allow":["GET"]}}],"collection":[{"href":"https:\/\/bilkamasajeak.com\/eus\/wp-json\/wp\/v2\/pages"}],"about":[{"href":"https:\/\/bilkamasajeak.com\/eus\/wp-json\/wp\/v2\/types\/page"}],"author":[{"embeddable":true,"href":"https:\/\/bilkamasajeak.com\/eus\/wp-json\/wp\/v2\/users\/1"}],"replies":[{"embeddable":true,"href":"https:\/\/bilkamasajeak.com\/eus\/wp-json\/wp\/v2\/comments?post=2"}],"version-history":[{"count":121,"href":"https:\/\/bilkamasajeak.com\/eus\/wp-json\/wp\/v2\/pages\/2\/revisions"}],"predecessor-version":[{"id":857,"href":"https:\/\/bilkamasajeak.com\/eus\/wp-json\/wp\/v2\/pages\/2\/revisions\/857"}],"wp:attachment":[{"href":"https:\/\/bilkamasajeak.com\/eus\/wp-json\/wp\/v2\/media?parent=2"}],"curies":[{"name":"wp","href":"https:\/\/api.w.org\/{rel}","templated":true}]}}